{"id":254,"date":"2013-05-30T08:26:25","date_gmt":"2013-05-30T08:26:25","guid":{"rendered":"http:\/\/www.kumm-discgolf.at\/?page_id=254"},"modified":"2026-01-17T22:24:20","modified_gmt":"2026-01-17T20:24:20","slug":"discgolf-technik-tips","status":"publish","type":"page","link":"https:\/\/www.kumm-discgolf.at\/?page_id=254","title":{"rendered":"Discgolf Technik Tips"},"content":{"rendered":"<p>Auf dieser Seite werden wir immer wieder neue Videos posten die hilfreich sein k\u00f6nnen deine Technik zu verbessern.<\/p>\n<p>Hier ein Slow Motion Video von Will Schusterick &#8211; er hat eine der sch\u00f6nsten Wurfbewegungen. Beim Ausholen ist sein Arm vollkommen nach hinten ausgestreckt. Er dreht \u00fcber die Ferse und schwingt dann die Arme vollkommen aus. Mit dieser Technik wirft er locker 160 Meter weit:<\/p>\n<p><iframe loading=\"lazy\" title=\"Will Schusterick - Super Slow Motion Disc Golf Drive\" width=\"584\" height=\"329\" src=\"https:\/\/www.youtube.com\/embed\/xKPZmZDxP9s?feature=oembed\" frameborder=\"0\" allow=\"accelerometer; autoplay; clipboard-write; encrypted-media; gyroscope; picture-in-picture; web-share\" referrerpolicy=\"strict-origin-when-cross-origin\" allowfullscreen><\/iframe><\/p>\n<p><iframe loading=\"lazy\" title=\"Will Schusterick Slow Motion\" width=\"584\" height=\"329\" src=\"https:\/\/www.youtube.com\/embed\/_rauvjnphLc?feature=oembed\" frameborder=\"0\" allow=\"accelerometer; autoplay; clipboard-write; encrypted-media; gyroscope; picture-in-picture; web-share\" referrerpolicy=\"strict-origin-when-cross-origin\" allowfullscreen><\/iframe><\/p>\n<p>Hier noch ein Video von Paige Pierce &#8211; eine der besten Spielerinnen der Welt:<\/p>\n<p><iframe loading=\"lazy\" title=\"Paige Pierce Slow Motion\" width=\"584\" height=\"329\" src=\"https:\/\/www.youtube.com\/embed\/bBQ4SkpWpRU?feature=oembed\" frameborder=\"0\" allow=\"accelerometer; autoplay; clipboard-write; encrypted-media; gyroscope; picture-in-picture; web-share\" referrerpolicy=\"strict-origin-when-cross-origin\" allowfullscreen><\/iframe><\/p>\n<p>Weitwurftipps:<br \/>\n<iframe loading=\"lazy\" title=\"Driving Instruction- Will Schusterick\" width=\"584\" height=\"329\" src=\"https:\/\/www.youtube.com\/embed\/30cUNsWOYSI?feature=oembed\" frameborder=\"0\" allow=\"accelerometer; autoplay; clipboard-write; encrypted-media; gyroscope; picture-in-picture; web-share\" referrerpolicy=\"strict-origin-when-cross-origin\" allowfullscreen><\/iframe><\/p>\n<p><iframe loading=\"lazy\" title=\"Discraft Disc Golf Clinic: More Distance Now\" width=\"584\" height=\"438\" src=\"https:\/\/www.youtube.com\/embed\/G-5uHMoYJ6Q?feature=oembed\" frameborder=\"0\" allow=\"accelerometer; autoplay; clipboard-write; encrypted-media; gyroscope; picture-in-picture; web-share\" referrerpolicy=\"strict-origin-when-cross-origin\" allowfullscreen><\/iframe><\/p>\n<p><iframe loading=\"lazy\" title=\"Discraft Disc Golf Clinic: Long Distance Drives\" width=\"584\" height=\"438\" src=\"https:\/\/www.youtube.com\/embed\/Iff8S0Q-DAY?feature=oembed\" frameborder=\"0\" allow=\"accelerometer; autoplay; clipboard-write; encrypted-media; gyroscope; picture-in-picture; web-share\" referrerpolicy=\"strict-origin-when-cross-origin\" allowfullscreen><\/iframe><\/p>\n<p>Tip zum \u00dcben des &#8222;Hits&#8220; &#8211; der Hit ist der Punkt kurz vor dem loslassen der Scheibe, an dem man f\u00f6rmlich explodieren sollte, damit der Scheibe die richtige Geschwindigkeit mitgegeben wird f\u00fcr ihren Flug:<br \/>\n<iframe loading=\"lazy\" title=\"Disc Golf Pro tip: Towel Hit Practice with Dave Feldberg [Sound broken, turn on CC]\" width=\"584\" height=\"438\" src=\"https:\/\/www.youtube.com\/embed\/BfQzUrn80UI?feature=oembed\" frameborder=\"0\" allow=\"accelerometer; autoplay; clipboard-write; encrypted-media; gyroscope; picture-in-picture; web-share\" referrerpolicy=\"strict-origin-when-cross-origin\" allowfullscreen><\/iframe><\/p>\n<p>5 einfach Tips, die deine Punktezahl reduzieren:<br \/>\n<iframe loading=\"lazy\" title=\"Discraft Disc Golf Clinic: 5 Tips to Save 5 Strokes\" width=\"584\" height=\"329\" src=\"https:\/\/www.youtube.com\/embed\/SRhnFLj97S8?feature=oembed\" frameborder=\"0\" allow=\"accelerometer; autoplay; clipboard-write; encrypted-media; gyroscope; picture-in-picture; web-share\" referrerpolicy=\"strict-origin-when-cross-origin\" allowfullscreen><\/iframe><\/p>\n<p>Der Mann hat zwar lila Haare, aber er versteht etwas vom Putten:<br \/>\n<iframe loading=\"lazy\" title=\"Discraft Disc Golf Clinic: Putting Basics\" width=\"584\" height=\"438\" src=\"https:\/\/www.youtube.com\/embed\/4spUSMi6xm0?feature=oembed\" frameborder=\"0\" allow=\"accelerometer; autoplay; clipboard-write; encrypted-media; gyroscope; picture-in-picture; web-share\" referrerpolicy=\"strict-origin-when-cross-origin\" allowfullscreen><\/iframe><\/p>\n","protected":false},"excerpt":{"rendered":"<p>Auf dieser Seite werden wir immer wieder neue Videos posten die hilfreich sein k\u00f6nnen deine Technik zu verbessern. Hier ein Slow Motion Video von Will Schusterick &#8211; er hat eine der sch\u00f6nsten Wurfbewegungen. Beim Ausholen ist sein Arm vollkommen nach &hellip; <a href=\"https:\/\/www.kumm-discgolf.at\/?page_id=254\">Weiterlesen <span class=\"meta-nav\">&rarr;<\/span><\/a><\/p>\n","protected":false},"author":1,"featured_media":0,"parent":258,"menu_order":1,"comment_status":"closed","ping_status":"open","template":"","meta":{"footnotes":""},"class_list":["post-254","page","type-page","status-publish","hentry"],"yoast_head":"<!-- This site is optimized with the Yoast SEO plugin v27.5 - https:\/\/yoast.com\/product\/yoast-seo-wordpress\/ -->\n<title>Discgolf Technik Tips - KUMM Discgolf<\/title>\n<meta name=\"robots\" content=\"index, follow, max-snippet:-1, max-image-preview:large, max-video-preview:-1\" \/>\n<link rel=\"canonical\" href=\"https:\/\/www.kumm-discgolf.at\/?page_id=254\" \/>\n<meta property=\"og:locale\" content=\"de_DE\" \/>\n<meta property=\"og:type\" content=\"article\" \/>\n<meta property=\"og:title\" content=\"Discgolf Technik Tips - KUMM Discgolf\" \/>\n<meta property=\"og:description\" content=\"Auf dieser Seite werden wir immer wieder neue Videos posten die hilfreich sein k\u00f6nnen deine Technik zu verbessern. Hier ein Slow Motion Video von Will Schusterick &#8211; er hat eine der sch\u00f6nsten Wurfbewegungen. Beim Ausholen ist sein Arm vollkommen nach &hellip; Weiterlesen &rarr;\" \/>\n<meta property=\"og:url\" content=\"https:\/\/www.kumm-discgolf.at\/?page_id=254\" \/>\n<meta property=\"og:site_name\" content=\"KUMM Discgolf\" \/>\n<meta property=\"article:publisher\" content=\"https:\/\/www.facebook.com\/KummDiscgolf\/\" \/>\n<meta property=\"article:modified_time\" content=\"2026-01-17T20:24:20+00:00\" \/>\n<meta name=\"twitter:card\" content=\"summary_large_image\" \/>\n<meta name=\"twitter:label1\" content=\"Gesch\u00e4tzte Lesezeit\" \/>\n\t<meta name=\"twitter:data1\" content=\"1\u00a0Minute\" \/>\n<script type=\"application\/ld+json\" class=\"yoast-schema-graph\">{\"@context\":\"https:\\\/\\\/schema.org\",\"@graph\":[{\"@type\":\"WebPage\",\"@id\":\"https:\\\/\\\/www.kumm-discgolf.at\\\/?page_id=254\",\"url\":\"https:\\\/\\\/www.kumm-discgolf.at\\\/?page_id=254\",\"name\":\"Discgolf Technik Tips - KUMM Discgolf\",\"isPartOf\":{\"@id\":\"https:\\\/\\\/www.kumm-discgolf.at\\\/#website\"},\"datePublished\":\"2013-05-30T08:26:25+00:00\",\"dateModified\":\"2026-01-17T20:24:20+00:00\",\"breadcrumb\":{\"@id\":\"https:\\\/\\\/www.kumm-discgolf.at\\\/?page_id=254#breadcrumb\"},\"inLanguage\":\"de\",\"potentialAction\":[{\"@type\":\"ReadAction\",\"target\":[\"https:\\\/\\\/www.kumm-discgolf.at\\\/?page_id=254\"]}]},{\"@type\":\"BreadcrumbList\",\"@id\":\"https:\\\/\\\/www.kumm-discgolf.at\\\/?page_id=254#breadcrumb\",\"itemListElement\":[{\"@type\":\"ListItem\",\"position\":1,\"name\":\"Videos\",\"item\":\"https:\\\/\\\/www.kumm-discgolf.at\\\/?page_id=258\"},{\"@type\":\"ListItem\",\"position\":2,\"name\":\"Discgolf Technik Tips\"}]},{\"@type\":\"WebSite\",\"@id\":\"https:\\\/\\\/www.kumm-discgolf.at\\\/#website\",\"url\":\"https:\\\/\\\/www.kumm-discgolf.at\\\/\",\"name\":\"KUMM Discgolf\",\"description\":\"Komm und mach mit! - Jetzt wieder f\u00fcr alle ge\u00f6ffnet!\",\"publisher\":{\"@id\":\"https:\\\/\\\/www.kumm-discgolf.at\\\/#organization\"},\"potentialAction\":[{\"@type\":\"SearchAction\",\"target\":{\"@type\":\"EntryPoint\",\"urlTemplate\":\"https:\\\/\\\/www.kumm-discgolf.at\\\/?s={search_term_string}\"},\"query-input\":{\"@type\":\"PropertyValueSpecification\",\"valueRequired\":true,\"valueName\":\"search_term_string\"}}],\"inLanguage\":\"de\"},{\"@type\":\"Organization\",\"@id\":\"https:\\\/\\\/www.kumm-discgolf.at\\\/#organization\",\"name\":\"KUMM Discgolf\",\"url\":\"https:\\\/\\\/www.kumm-discgolf.at\\\/\",\"logo\":{\"@type\":\"ImageObject\",\"inLanguage\":\"de\",\"@id\":\"https:\\\/\\\/www.kumm-discgolf.at\\\/#\\\/schema\\\/logo\\\/image\\\/\",\"url\":\"https:\\\/\\\/www.kumm-discgolf.at\\\/wp-content\\\/uploads\\\/2013\\\/02\\\/cropped-image1.jpeg\",\"contentUrl\":\"https:\\\/\\\/www.kumm-discgolf.at\\\/wp-content\\\/uploads\\\/2013\\\/02\\\/cropped-image1.jpeg\",\"width\":500,\"height\":466,\"caption\":\"KUMM Discgolf\"},\"image\":{\"@id\":\"https:\\\/\\\/www.kumm-discgolf.at\\\/#\\\/schema\\\/logo\\\/image\\\/\"},\"sameAs\":[\"https:\\\/\\\/www.facebook.com\\\/KummDiscgolf\\\/\"]}]}<\/script>\n<!-- \/ Yoast SEO plugin. -->","yoast_head_json":{"title":"Discgolf Technik Tips - KUMM Discgolf","robots":{"index":"index","follow":"follow","max-snippet":"max-snippet:-1","max-image-preview":"max-image-preview:large","max-video-preview":"max-video-preview:-1"},"canonical":"https:\/\/www.kumm-discgolf.at\/?page_id=254","og_locale":"de_DE","og_type":"article","og_title":"Discgolf Technik Tips - KUMM Discgolf","og_description":"Auf dieser Seite werden wir immer wieder neue Videos posten die hilfreich sein k\u00f6nnen deine Technik zu verbessern. Hier ein Slow Motion Video von Will Schusterick &#8211; er hat eine der sch\u00f6nsten Wurfbewegungen. Beim Ausholen ist sein Arm vollkommen nach &hellip; Weiterlesen &rarr;","og_url":"https:\/\/www.kumm-discgolf.at\/?page_id=254","og_site_name":"KUMM Discgolf","article_publisher":"https:\/\/www.facebook.com\/KummDiscgolf\/","article_modified_time":"2026-01-17T20:24:20+00:00","twitter_card":"summary_large_image","twitter_misc":{"Gesch\u00e4tzte Lesezeit":"1\u00a0Minute"},"schema":{"@context":"https:\/\/schema.org","@graph":[{"@type":"WebPage","@id":"https:\/\/www.kumm-discgolf.at\/?page_id=254","url":"https:\/\/www.kumm-discgolf.at\/?page_id=254","name":"Discgolf Technik Tips - KUMM Discgolf","isPartOf":{"@id":"https:\/\/www.kumm-discgolf.at\/#website"},"datePublished":"2013-05-30T08:26:25+00:00","dateModified":"2026-01-17T20:24:20+00:00","breadcrumb":{"@id":"https:\/\/www.kumm-discgolf.at\/?page_id=254#breadcrumb"},"inLanguage":"de","potentialAction":[{"@type":"ReadAction","target":["https:\/\/www.kumm-discgolf.at\/?page_id=254"]}]},{"@type":"BreadcrumbList","@id":"https:\/\/www.kumm-discgolf.at\/?page_id=254#breadcrumb","itemListElement":[{"@type":"ListItem","position":1,"name":"Videos","item":"https:\/\/www.kumm-discgolf.at\/?page_id=258"},{"@type":"ListItem","position":2,"name":"Discgolf Technik Tips"}]},{"@type":"WebSite","@id":"https:\/\/www.kumm-discgolf.at\/#website","url":"https:\/\/www.kumm-discgolf.at\/","name":"KUMM Discgolf","description":"Komm und mach mit! - Jetzt wieder f\u00fcr alle ge\u00f6ffnet!","publisher":{"@id":"https:\/\/www.kumm-discgolf.at\/#organization"},"potentialAction":[{"@type":"SearchAction","target":{"@type":"EntryPoint","urlTemplate":"https:\/\/www.kumm-discgolf.at\/?s={search_term_string}"},"query-input":{"@type":"PropertyValueSpecification","valueRequired":true,"valueName":"search_term_string"}}],"inLanguage":"de"},{"@type":"Organization","@id":"https:\/\/www.kumm-discgolf.at\/#organization","name":"KUMM Discgolf","url":"https:\/\/www.kumm-discgolf.at\/","logo":{"@type":"ImageObject","inLanguage":"de","@id":"https:\/\/www.kumm-discgolf.at\/#\/schema\/logo\/image\/","url":"https:\/\/www.kumm-discgolf.at\/wp-content\/uploads\/2013\/02\/cropped-image1.jpeg","contentUrl":"https:\/\/www.kumm-discgolf.at\/wp-content\/uploads\/2013\/02\/cropped-image1.jpeg","width":500,"height":466,"caption":"KUMM Discgolf"},"image":{"@id":"https:\/\/www.kumm-discgolf.at\/#\/schema\/logo\/image\/"},"sameAs":["https:\/\/www.facebook.com\/KummDiscgolf\/"]}]}},"_links":{"self":[{"href":"https:\/\/www.kumm-discgolf.at\/index.php?rest_route=\/wp\/v2\/pages\/254","targetHints":{"allow":["GET"]}}],"collection":[{"href":"https:\/\/www.kumm-discgolf.at\/index.php?rest_route=\/wp\/v2\/pages"}],"about":[{"href":"https:\/\/www.kumm-discgolf.at\/index.php?rest_route=\/wp\/v2\/types\/page"}],"author":[{"embeddable":true,"href":"https:\/\/www.kumm-discgolf.at\/index.php?rest_route=\/wp\/v2\/users\/1"}],"replies":[{"embeddable":true,"href":"https:\/\/www.kumm-discgolf.at\/index.php?rest_route=%2Fwp%2Fv2%2Fcomments&post=254"}],"version-history":[{"count":16,"href":"https:\/\/www.kumm-discgolf.at\/index.php?rest_route=\/wp\/v2\/pages\/254\/revisions"}],"predecessor-version":[{"id":2985,"href":"https:\/\/www.kumm-discgolf.at\/index.php?rest_route=\/wp\/v2\/pages\/254\/revisions\/2985"}],"up":[{"embeddable":true,"href":"https:\/\/www.kumm-discgolf.at\/index.php?rest_route=\/wp\/v2\/pages\/258"}],"wp:attachment":[{"href":"https:\/\/www.kumm-discgolf.at\/index.php?rest_route=%2Fwp%2Fv2%2Fmedia&parent=254"}],"curies":[{"name":"wp","href":"https:\/\/api.w.org\/{rel}","templated":true}]}}